{"id":62,"date":"2024-05-26T15:47:38","date_gmt":"2024-05-26T15:47:38","guid":{"rendered":"https:\/\/aceroslarroque.com\/?page_id=62"},"modified":"2024-05-28T19:26:55","modified_gmt":"2024-05-28T19:26:55","slug":"corte-por-plasma","status":"publish","type":"page","link":"https:\/\/aceroslarroque.com\/?page_id=62","title":{"rendered":"Corte por Plasma y Oxicorte"},"content":{"rendered":"\n<h2 class=\"wp-block-heading\">Corte por Plasma y Oxicorte<\/h2>\n\n\n\n<p><\/p>\n\n\n\n<figure class=\"wp-block-image size-full is-resized\"><img loading=\"lazy\" decoding=\"async\" width=\"400\" height=\"250\" src=\"https:\/\/aceroslarroque.com\/wp-content\/uploads\/2024\/05\/unnamed-Photoroom.jpg\" alt=\"\" class=\"wp-image-169\" style=\"width:438px;height:auto\" srcset=\"https:\/\/aceroslarroque.com\/wp-content\/uploads\/2024\/05\/unnamed-Photoroom.jpg 400w, https:\/\/aceroslarroque.com\/wp-content\/uploads\/2024\/05\/unnamed-Photoroom-300x188.jpg 300w\" sizes=\"auto, (max-width: 400px) 100vw, 400px\" \/><\/figure>\n\n\n\n<p><\/p>\n\n\n\n<ul class=\"wp-block-list\">\n<li>Capacidad de corte de 13 mm hasta 102 mm<\/li>\n\n\n\n<li>Ancho 1500 mm x 3000 mm<\/li>\n\n\n\n<li>Stock de chapa permanente <\/li>\n\n\n\n<li>Plazos de entrega 24\/48 hs<\/li>\n<\/ul>\n\n\n\n<h2 class=\"wp-block-heading\">Corte por Plasma<\/h2>\n\n\n\n<p>El fundamento del corte por plasma se basa en elevar la temperatura del material a cortar de una forma muy localizada y por encima de los 20 000 \u00b0C, llevando el gas utilizado hasta el cuarto estado de la materia, el plasma, estado en el que los electrones se disocian del \u00e1tomo y el gas se ioniza.<\/p>\n\n\n\n<h2 class=\"wp-block-heading\">Oxicorte<\/h2>\n\n\n\n<p>El oxicorte es una t\u00e9cnica auxiliar a la soldadura, desarrollada desde 1903 y usada hasta la fecha en innumerables aplicaciones industriales, que se utiliza para la preparaci\u00f3n de los bordes de las piezas a soldar cuando son de espesor considerable, y para realizar el corte de chapas, barras de acero al carbono de baja aleaci\u00f3n u otros elementos ferrosos.<\/p>\n\n\n\n<p>El oxicorte consta de dos etapas: en la primera, el acero se calienta a alta temperatura (900 \u00b0C) con la llama producida por el ox\u00edgeno y un gas combustible; en la segunda, una corriente de ox\u00edgeno corta el metal y elimina los \u00f3xidos de hierro producidos.<\/p>\n\n\n\n<p>En este proceso se utiliza un gas combustible cualquiera (acetileno, hidr\u00f3geno, propano, hulla, tetreno o crileno), cuyo efecto es producir una llama para calentar el material, mientras que como gas comburente siempre ha de utilizarse ox\u00edgeno a fin de causar la oxidaci\u00f3n necesaria para el proceso de corte.<\/p>\n","protected":false},"excerpt":{"rendered":"<p>Corte por Plasma y Oxicorte Corte por Plasma El fundamento del corte por plasma se basa en elevar la temperatura del material a cortar de una forma muy localizada y por encima de los 20 000 \u00b0C, llevando el gas utilizado hasta el cuarto estado de la materia, el plasma, estado en el que los [&hellip;]<\/p>\n","protected":false},"author":1,"featured_media":0,"parent":0,"menu_order":0,"comment_status":"closed","ping_status":"closed","template":"","meta":{"footnotes":""},"class_list":["post-62","page","type-page","status-publish","hentry"],"_links":{"self":[{"href":"https:\/\/aceroslarroque.com\/index.php?rest_route=\/wp\/v2\/pages\/62","targetHints":{"allow":["GET"]}}],"collection":[{"href":"https:\/\/aceroslarroque.com\/index.php?rest_route=\/wp\/v2\/pages"}],"about":[{"href":"https:\/\/aceroslarroque.com\/index.php?rest_route=\/wp\/v2\/types\/page"}],"author":[{"embeddable":true,"href":"https:\/\/aceroslarroque.com\/index.php?rest_route=\/wp\/v2\/users\/1"}],"replies":[{"embeddable":true,"href":"https:\/\/aceroslarroque.com\/index.php?rest_route=%2Fwp%2Fv2%2Fcomments&post=62"}],"version-history":[{"count":7,"href":"https:\/\/aceroslarroque.com\/index.php?rest_route=\/wp\/v2\/pages\/62\/revisions"}],"predecessor-version":[{"id":174,"href":"https:\/\/aceroslarroque.com\/index.php?rest_route=\/wp\/v2\/pages\/62\/revisions\/174"}],"wp:attachment":[{"href":"https:\/\/aceroslarroque.com\/index.php?rest_route=%2Fwp%2Fv2%2Fmedia&parent=62"}],"curies":[{"name":"wp","href":"https:\/\/api.w.org\/{rel}","templated":true}]}}